j + 1492. What is the greatest common factor of 72 and k?
18
Let x = 43 + -12. Let f be x - -4*(-1)/(-2). What is the highest common factor of 297 and f?
33
Let w = 1948 - 2746. Let o = -238 - w. Calculate the highest common factor of o and 42.
14
Let m(x) = 12*x**2 + 21*x - 48. Let h be m(2). Suppose -h*q + 432 = -39*q. What is the greatest common divisor of 4 and q?
4
Let v(h) = h**2 + 53*h + 645. Let l be v(-36). Let a be (99/6)/(6/64). Calculate the highest common divisor of a and l.
11
Let z = 5197 - 3492. What is the greatest common divisor of z and 275?
55
Let i be (-7 + 12)/(1/115). Let d = -515 + i. Let a be (-73 + -2)*(0 + -2). What is the greatest common divisor of a and d?
30
Let p = -63 + 107. Let d = 92 + 56. Let g = d - -28. Calculate the greatest common factor of p and g.
44
Let v(f) = -f**2 + 21*f + 3802. Let g be v(-50). What is the greatest common divisor of 4 and g?
4
Let w = 5814 - 4842. Calculate the highest common factor of w and 180.
36
Suppose -1287 = -19*c - c + 7*c. Calculate the greatest common factor of 93 and c.
3
Suppose 0 = -y - 5*n + 429, -n + 365 = 2*y - 547. Let x be -4 + 31 - (1 - 1). What is the highest common divisor of x and y?
27
Suppose -531*v + 971 = -507*v - 373. What is the highest common factor of 9338 and v?
14
Suppose -2*g - 254 = -740. Let m(c) = 11 - c**2 + g*c - 234*c + 0. Let k be m(8). What is the highest common divisor of 209 and k?
19
Let f(o) = -o**2 - 4*o + 801. Let j be f(0). Let y = j - 743. Calculate the highest common factor of y and 1102.
58
Let d = 20 - 5. Let w be (9/(-12))/(-1) + (-3861)/(-52). Calculate the highest common factor of d and w.
15
Suppose -2*f + 5*p = -f - 118, 208 = 2*f + 4*p. Let x = 478 - f. What is the highest common divisor of x and 20?
10
Let z = -116 - -135. Let s = 25 - z. Suppose 4*b = 4*i - 52, -4*i + 5*b = 3*b - 44. Calculate the highest common factor of s and i.
3
Suppose 3*b = 2*a + 2448, -b = 4*a - 407 - 395. Suppose 5*k - 1049 = -b. Let j(c) = c + 47. Let f be j(0). Calculate the greatest common factor of k and f.
47
Suppose 4*t - 424*a + 427*a = 2973, -4*a = -4*t + 2924. Calculate the highest common factor of t and 48.
6
Let j be 12772/24 + 11/(-66). Calculate the greatest common factor of j and 252.
28
Let p(y) = 4*y**3 + 69*y**2 + 8*y + 9. Let d be p(-17). What is the highest common divisor of 6858 and d?
54
Let k be 19/4*360/10. Let g = -67 + k. Suppose -4*d = -5*u + 49, 5*u - d - 70 = -9. What is the highest common factor of g and u?
13
Let s(a) = 2*a**2 - 11*a - 2. Let u be s(6). Suppose -5*d - 321 = -u*m, -4*d - 400 = -5*m + d. Calculate the highest common divisor of m and 79.
79
Let y = 587 + -574. Let g(h) = -h**3 - 6*h**2 - 10*h. Let q be g(-8). Calculate the greatest common divisor of q and y.
13
Suppose -3*k - 4*f = 4*k - 569, -3*k + 2*f + 255 = 0. Calculate the highest common divisor of k and 5229.
83
Suppose -12*a = -532 - 1208. Suppose -585 = -8*s - a. What is the highest common divisor of 11 and s?
11
Let a be 10582/221 - 4/(-34). Let h(g) = 2*g**2 + g - 9. Let i be h(-3). Calculate the greatest common factor of a and i.
6
Let p be -1*(2 + 0) - -106. Let t = 311 - p. Let b be ((-2384)/447)/((-160)/18) - ((-112)/5 - 0). What is the greatest common divisor of t and b?
23
Let s(v) = -v**3 - 17*v**2 - v - 4. Let r be s(-17). Suppose -103 - 66 = -r*l. What is the greatest common factor of 117 and l?
13
Suppose 0 = -o - 39 + 31, -o - 426 = -c. Calculate the highest common factor of 1862 and c.
38
Let p be (-630)/105*(-2)/4. Let i be (0 - -2 - 3) + 19. Suppose 5*q - i = p*q. Calculate the greatest common divisor of 99 and q.
9
Suppose 5*s + 0*s + 2*k - 864 = -3*s, 0 = -3*k - 48. Let u be 2/(-4) - (-674)/4. What is the highest common factor of u and s?
56
Let d(q) = -2*q - 26. Let v be d(-17). Suppose -2531 - 349 = -v*b. Calculate the highest common factor of b and 20.
20
Let n = 240 - 237. Suppose -3*h = 3*y - 144, -n*h + h + 4*y = -102. Let v(x) = 3*x + 2. Let m be v(4). Calculate the highest common factor of h and m.
7
Let c(v) = v**3 - 18*v**2 + v - 6. Let f be (84/(-8) + 6)/((-3)/40). Let l = 78 - f. Let k be c(l). Calculate the highest common divisor of k and 36.
12
Let t(v) = v**3 + 5*v**2 - 11*v - 9. Let i be t(-7). Let g = -15 - i. Suppose -g*k + 13 + 32 = 0. Calculate the highest common factor of k and 24.
3
Suppose 5*i = 3*j + 9678, 0 = 2*i + 3*j + 848 - 4694. What is the greatest common factor of 84 and i?
84
Suppose 14*o = -d + 18*o + 4368, -7*d + 5*o + 30714 = 0. What is the highest common factor of 144 and d?
72
Let q(r) = 2*r**3 - 5*r**2 - 77*r - 160. Let p be q(9). Calculate the greatest common factor of 42200 and p.
200
Let p(z) = 6*z - 21. Let b be p(3). Let f(w) = -13*w + 15. Let y be f(b). Calculate the highest common divisor of y and 81.
27
Suppose 0 = 4*x + 11*x - 11205. Let m = -719 + x. What is the greatest common factor of m and 105?
7
Suppose 109*z = 212*z - 1854. Calculate the highest common divisor of z and 128.
2
Suppose -5*a - 155 = -5*j, -90 = -j - 3*a - 23. Calculate the highest common factor of j and 14520.
40
Let k = 118 + -58. Let x = k + -53. Suppose x*s = 87 + 4. What is the highest common divisor of 13 and s?
13
Suppose 1254 = 12*h - 3030. Suppose 0 = -2*u + h - 87. Suppose 8 - 116 = -4*p. Calculate the greatest common factor of u and p.
27
Let c(w) = w**3 - 20*w**2 - 59*w - 20. Let v be c(24). What is the greatest common divisor of v and 112?
28
Let x(s) = -s**3 - 5*s**2 + 2*s. Let t be -2*(-75)/(-18) - 4/6. Let u be x(t). Calculate the highest common divisor of 18 and u.
18
Let z be 10/4*(-83)/((-581)/6720). Calculate the greatest common factor of z and 1040.
80
Let m(h) = 7*h - 15. Let o be m(10). Let n(w) = 9*w - 5. Suppose -9*u + 18 = -9. Let f be n(u). What is the highest common divisor of f and o?
11
Suppose -2*n + 117*g - 113*g = -240, 5*n = 2*g + 624. Suppose -88 = -5*m - c, 4*m = -5*c - 10 + 72. Calculate the greatest common factor of n and m.
18
Let j be ((-1)/(-5))/((-8)/(-40)). Let v(t) = 13*t**3 + 2*t - 1. Let z be v(j). Let s = 8 + z. What is the greatest common divisor of s and 110?
22
Let k(v) = 24*v + 168. Suppose -3*d = -d - 4*t - 34, -3*t = 2*d - 34. Let a be k(d). Calculate the greatest common factor of a and 18.
18
Let f = -10 + 14. Let p be (f/8)/((-2)/(-16)). Let r = -8821 + 8865. What is the highest common divisor of p and r?
4
Let y be (-8)/32 - (-2 + 3890/(-8)). Let o = 1690 + -1629. Calculate the greatest common divisor of o and y.
61
Suppose -23*u - 895 = -964. Let v = -5 - -8. What is the highest common divisor of v and u?
3
Let r = 85 + -65. Let t(i) = -430*i + 30. Let w be t(-1). Calculate the highest common divisor of w and r.
20
Let d = -230 + 230. Suppose b + 11*s - 14*s = 118, d = -5*b + 5*s + 550. Calculate the highest common divisor of b and 53.
53
Let c = -421 - -1193. Let g = c - 500. Calculate the highest common divisor of 80 and g.
16
Let v(b) = -b - 201. Let k be v(-27). Let x = 209 + k. Calculate the highest common divisor of 15 and x.
5
Let d = 55 + -48. Suppose 2*v + 5 = 5*x, 5*v = 2*x - d*x + 40. Suppose 2*k - k = -v*f + 57, 5*k + 63 = 4*f. Calculate the highest common factor of f and 12.
12
Let w(n) = 9*n - 41. Let o be w(5). Let l(c) = -c**3 - c**2 + 24*c - 4. Let s be l(o). What is the greatest common divisor of s and 16?
4
Suppose 2*q = 3*o - 3, 4*q + 2*o = 20 - 2. Let r be (56 - 0 - -7)/q. Calculate the greatest common factor of r and 21.
21
Let g = 8908 - 8893. What is the greatest common divisor of 3385 and g?
5
Let h be (-3484 + 0)*(-8 + (-77)/(-11)). Calculate the greatest common divisor of 52 and h.
52
Suppose 0 = -c + 2*y + 18, c - 3*y - 142 = -130. What is the greatest common divisor of c and 1070?
10
Let h = 110 + -46. Suppose 160 = 30*c + 10*c. What is the greatest common factor of h and c?
4
Let y(t) = -735*t + 9940. Let a be y(12). Suppose 4*d - 100 = -3*w, 4*d = 5*w - 0*d - 124. What is the highest common divisor of w and a?
28
Suppose -p + 2*j - 221 = -6*p, -j - 137 = -3*p. Let o = -280 - -558. Let w be o/10 - 76/95. Calculate the highest common divisor of w and p.
9
Let w(f) = -5120*f + 1773. Let m be w(-1). Calculate the greatest common factor of m and 226.
113
Let b(l) = 7*l + 3. Let o be b(6). Let p(k) = -46*k - 74. Let f be p(-7). S